 = 4*g - 38. Let a be (-2 + -13)/((-3)/(-2)). Let c(l) = l**3 + 10*l**2 - 5*l - 4. Calculate the remainder when c(a) is divided by g.
10
Let l(d) = 113*d**2 + 3*d + 1. What is the remainder when l(-1) is divided by 23?
19
Let o = 15 - -6. Calculate the remainder when o is divided by 8.
5
Suppose -2*f - x = f - 53, -88 = -4*f + 3*x. Suppose 2*k - 3*k + 56 = 0. What is the remainder when k is divided by f?
18
Let h(u) = 29*u - 7. Calculate the remainder when h(1) is divided by (2/(-5))/((-2)/30).
4
Let w(j) = -j**3 + 5*j**2 + j - 1. Let v be w(5). Suppose -t + 49 = -4*i, -136 = -v*t - 2*i - 2*i. What is the remainder when t is divided by 13?
11
Let x = 68 + -30. Suppose 12 = -3*z, a + 2*z - x + 6 = 0. Calculate the remainder when a is divided by 88/6 + 2/(-3).
12
Let t(n) = 4*n + 2. Let h = -36 - -64. Let a = h - 20. Calculate the remainder when t(3) is divided by a.
6
Let y = 109 - 38. What is the remainder when y is divided by 24?
23
What is the remainder when (0 - -11)/(-2 + 3) is divided by 3?
2
Let v(m) = -m + 5. Calculate the remainder when 107 is divided by v(-6).
8
Suppose -10*u - 30 = -12*u. Let s(h) = -7 - h + 0*h**2 + 2*h**2 - 8*h. Calculate the remainder when s(7) is divided by u.
13
Let s = -53 + 61. What is the remainder when s is divided by 2/(-2)*-1*5?
3
What is the remainder when 29 is divided by (-3 - -2 - -1) + 16?
13
Suppose 0*b + 12 = 4*j - 2*b, 2*j + b = 2. Calculate the remainder when 17 is divided by j*9/(-30)*-15.
8
Let g = -14 + 27. What is the remainder when 46 is divided by g?
7
Let u be 232 + 0 + 1 + 3. Suppose 4*t + 0*t = u. Calculate the remainder when t is divided by 30.
29
Suppose -3*y = -0*y + 3*n - 9, -8 = 4*y - n. Let u be -1 + (y - -3) + -15. Let m = u + 21. Calculate the remainder when m is divided by 3.
1
Suppose 4*r + 2*c - 64 = -0*c, 4*r - 2*c = 72. Calculate the remainder when 169 is divided by r.
16
Suppose -g - 3 = -2*g, y - 10 = -g. What is the remainder when 32 is divided by y?
4
Let h be (-5)/((-1)/38*2). Suppose 4*m - f + 32 = h, 5*m - 110 = -5*f. What is the remainder when m is divided by (1 - 3) + 8 + 0?
5
Let b = 83 + -62. Calculate the remainder when 82 is divided by b.
19
Let n(h) = 5*h**2 - 6*h - 1. Let w be n(-4). Calculate the remainder when 0/(-4) + w + 3 is divided by 27.
25
Let f(y) = -y**3 + 5*y**2 - 2*y - 3. Let t = -2 - -1. Calculate the remainder when 17 - (t/1 + 1) is divided by f(3).
8
Suppose -2*c - 1 = -133. Calculate the remainder when c is divided by 35.
31
Let i(o) = o**3 + 6*o**2 - 1. Let u be i(4). Let b = u + -102. Let m = 119 - b. What is the remainder when m is divided by 21?
20
Let b = -15 - -56. What is the remainder when b is divided by 13?
2
Let r = -72 + 89. Calculate the remainder when 33 is divided by r.
16
Suppose 5*o = -10, -4*q + 14 = -2*o - 70. What is the remainder when 54 is divided by q?
14
Let d(s) = -s**2. Let k be d(2). Let v(q) be the third derivative of -q**4/24 - q**2. What is the remainder when 10 is divided by v(k)?
2
Suppose -12 = -c + 2*x, 6*x = x - 10. Calculate the remainder when c is divided by 3.
2
Let y(c) = c + 1. Let z be y(8). Suppose -z = -u + 61. Suppose o = -4*o + u. Calculate the remainder when 41 is divided by o.
13
Let z(p) = -2*p**3 - 6*p**2 + 6*p + 9. Calculate the remainder when z(-5) is divided by 41.
38
Suppose -2*f = -5*f. Suppose 12 = 2*v - 4*k, v + 4*k + 6 = 2*v. Suppose f = -n + 2*n - v. Calculate the remainder when 10 is divided by n.
4
Let j(c) = 9*c**3 + 2*c**2 - c. Let q = -5 + 32. Suppose -2*t = -3*a - 2*a - q, -2*t - 13 = 3*a. What is the remainder when 19 is divided by j(t)?
9
Suppose -3*j + 0 = g + 3, 0 = 5*j + 2*g + 5. What is the remainder when 57 + (j - (4 + -1)) is divided by 28?
25
Let b(w) = w**2 + 6*w + 5. Calculate the remainder when b(-7) is divided by 3.
0
Let b = -6 + 13. Let g = b + 11. What is the remainder when 16*2 - -1 - -1 is divided by g?
16
Suppose -5*d - 41 + 6 = 0. Suppose -2*m - 3*m - 25 = 0. Let r = m - d. Calculate the remainder when 4 is divided by r.
0
Let z(p) = -28*p - 36. What is the remainder when z(-7) is divided by 41?
37
Calculate the remainder when 127 is divided by 1*(-99 - 0)*14/(-42).
28
Let o = -23 + 20. Let k = 23 - o. Calculate the remainder when k is divided by 7.
5
Let s(b) = 3*b**2 - 2*b - 4. Calculate the remainder when s(-5) is divided by 28.
25
Calculate the remainder when 2/11 + (-6 - 6223/(-77)) is divided by 13.
10
Suppose 7*r - 3*r - 72 = 0. What is the remainder when r is divided by 18/(-42) + (-156)/(-21)?
4
Let b = -3 - -4. Let l be b/(2*1/6). Calculate the remainder when 18 is divided by 10/l*6/2.
8
Suppose 1050 = 3*u + 3*j, 9*j = u + 5*j - 340. What is the remainder when u is divided by 35?
33
Let m(p) be the first derivative of -4*p**4 + p**3/3 + p**2/2 + p + 1. Let t(q) = 2*q - 3. What is the remainder when m(-1) is divided by t(6)?
8
Suppose -5*y + 2*i = i - 88, -3*y = -2*i - 50. What is the remainder when y is divided by 5?
3
Let z = 6 + 11. What is the remainder when 67 is divided by z?
16
Suppose -4*c - 3*p + 150 = -71, -p + 162 = 3*c. Let s(j) = -5*j - 2. Calculate the remainder when c is divided by s(-4).
17
Let w(a) = a**2 + 11*a + 16. Calculate the remainder when 22 is divided by w(-10).
4
Let d(c) = 5*c**3 + c**2 + 2. Suppose 2 = y - 0. What is the remainder when d(y) is divided by 24?
22
Let i(t) be the second derivative of t**3/3 - 3*t**2/2 - t. Suppose -4*o + 11 = -3*d + 29, 3*d + 3*o + 3 = 0. Calculate the remainder when i(4) is divided by d.
1
What is the remainder when (55/(-2))/(1/(-2)) is divided by 8?
7
What is the remainder when 10 is divided by 3 - 1 - (-14 - -11)?
0
Suppose -16 = 4*f - 4. Let i = f - -5. Suppose -2*x = 2*y - 12, 4*y - i*x = x + 10. What is the remainder when 14 is divided by y?
2
Let k(z) = -z**2 + 7*z + 3. What is the remainder when k(6) is divided by 4?
1
Suppose -12 = -x - x. What is the remainder when 358/x - (-6)/(-9) is divided by 20?
19
Suppose 108 = -4*q + 4*s - 2*s, -2*q - 4*s - 64 = 0. What is the remainder when 19 is divided by (-104)/q + 8/28?
3
Let p be 2/(-6) - (-20)/6. Suppose -x + p*x = 16. Calculate the remainder when 31 is divided by x.
7
Suppose 9*l = -2*l + 396. Calculate the remainder when l is divided by 19.
17
Suppose 5*j = -2*s + 265 - 24, -3*j = -2*s + 249. What is the remainder when s is divided by 21?
18
Let j = 123 - 117. Calculate the remainder when 35 is divided by j.
5
Let s = 1 - 1. Suppose 2*v - 21 - 5 = s. Calculate the remainder when v is divided by 7.
6
Suppose u + 0 - 9 = 3*h, 9 = 5*u - 3*h. Suppose 4*c = 3*v + 164, u*v - 3*v = 12. Calculate the remainder when c is divided by 20.
18
Suppose -5*v + 0*v + 130 = 0. Suppose 3*s - 45 = -3*h, 4*h - v = -0*s - 2*s. What is the remainder when 31 is divided by s?
14
Let x be (-2 - (-1 - -1)) + 10. Suppose x = 4*f - 2*f. Calculate the remainder when 7 is divided by f.
3
Let v(i) = 0*i**2 - i**3 + 0*i**2 + 5*i + 3*i**2 + 3*i**2 - 4. What is the remainder when v(6) is divided by 9?
8
Suppose 6*o - 7*o = -21. Calculate the remainder when 81 is divided by o.
18
Suppose 5*y = 5*k + 6*y + 67, 85 = -5*k + 5*y. Suppose -g + 54 = -3*g. Let j = k - g. Calculate the remainder when 37 is divided by j.
11
Suppose -j = -6 - 0. Calculate the remainder when 8 is divided by j.
2
Let j(r) = -r**2 - 13*r - 12. Let i = 6 + -9. Let u = i + -6. What is the remainder when j(u) is divided by 9?
6
Let s = -58 + 111. What is the remainder when s is divided by 27?
26
Let o(n) = -n - 5. Let j be (-6)/9*-6 - -2. Suppose b = -b - j, -4*g - 2*b - 34 = 0. What is the remainder when 2 is divided by o(g)?
0
Let i = 17 - -1. Calculate the remainder when 69 is divided by i.
15
What is the remainder when 3 - -26 - 1/(3/(-9)) is divided by 7?
4
Suppose 68 = 4*v - 60. What is the remainder when v is divided by 19?
13
Suppose 3*i - 10 = 14. Suppose -3*c = -13 - 23. Calculate the remainder when c is divided by i.
4
Suppose j + 3*l + l + 6 = 0, 0 = -5*j - 4*l - 30. Let g = -3 - j. Suppose g*r - r = 28. Calculate the remainder when r is divided by 8.
6
Let j be (5 + -1)*(-12)/(-8). Let x = 12 + j. Calculate the remainder when x is divided by 10.
8
What is the remainder when 15/(-5)*(-1 + (-57)/9) is divided by 8?
6
Let r = -41 - -84. Suppose 0 = 4*g + r - 139. Calculate the remainder w